{"id":2057,"date":"2016-04-14T11:05:09","date_gmt":"2016-04-14T09:05:09","guid":{"rendered":"http:\/\/www.domesle.eu\/?page_id=2057"},"modified":"2018-07-13T09:41:57","modified_gmt":"2018-07-13T07:41:57","slug":"presse","status":"publish","type":"page","link":"https:\/\/www.domesle.eu\/?page_id=2057","title":{"rendered":"Presse"},"content":{"rendered":"<p>[vc_row css=&#8220;.vc_custom_1516272127488{margin-top: -70px !important;background-image: url(http:\/\/domesle.hrkollektiv.de\/wp-content\/uploads\/2015\/10\/sichtbeton-domesle-platzhalter-bild.jpg?id=2376) !important;background-position: 0 0 !important;background-repeat: repeat !important;}&#8220;][vc_column][vc_row_inner layout=&#8220;boxed&#8220;][vc_column_inner width=&#8220;1\/2&#8243;][vc_empty_space height=&#8220;490px&#8220;][\/vc_column_inner][vc_column_inner width=&#8220;1\/2&#8243; css=&#8220;.vc_custom_1516272029189{background-color: rgba(255,255,255,0.37) !important;*background-color: rgb(255,255,255) !important;}&#8220;][vc_empty_space height=&#8220;60px&#8220;]\t\t\t<div class=\"cortana-heading border-bottom left style1 \" >\n\t\t\t\t\t\t\t\t\t<h2 style=\"font-size:20px\">Presse<\/h2>\n\t\t\t\t\t\t\t<\/div>\n\t\t\t[vc_column_text el_class=&#8220;margin-bottom-25&#8243;]<strong>Hier finden Sie unsere Pressetexte:<\/strong><\/p>\n<p><a href=\"http:\/\/www.domesle.eu\/wp-content\/uploads\/2016\/04\/Pressetext_Marienplatz.pdf\">M\u00fcnchens anspruchsvollster U-Bahn-Tunnel, Marienplatz<\/a><\/p>\n<p>&nbsp;<\/p>\n<p><a href=\"http:\/\/www.domesle.eu\/wp-content\/uploads\/2016\/04\/Pressebericht-Anprallwandschalwagen-Wesertunnel.pdf\">Pressebericht Wandschalwagen f\u00fcr Anprallw\u00e4nde Wesertunnel<\/a>[\/vc_column_text][\/vc_column_inner][\/vc_row_inner][\/vc_column][\/vc_row]<\/p>\n","protected":false},"excerpt":{"rendered":"<p>[vc_row css=&#8220;.vc_custom_1516272127488{margin-top: -70px !important;background-image: url(http:\/\/domesle.hrkollektiv.de\/wp-content\/uploads\/2015\/10\/sichtbeton-domesle-platzhalter-bild.jpg?id=2376) !important;background-position: 0 0 !important;background-repeat: repeat !important;}&#8220;][vc_column][vc_row_inner layout=&#8220;boxed&#8220;][vc_column_inner width=&#8220;1\/2&#8243;][vc_empty_space height=&#8220;490px&#8220;][\/vc_column_inner][vc_column_inner width=&#8220;1\/2&#8243; css=&#8220;.vc_custom_1516272029189{background-color: rgba(255,255,255,0.37) !important;*background-color: rgb(255,255,255) !important;}&#8220;][vc_empty_space height=&#8220;60px&#8220;][vc_column_text el_class=&#8220;margin-bottom-25&#8243;]Hier finden Sie unsere Pressetexte: M\u00fcnchens anspruchsvollster U-Bahn-Tunnel, Marienplatz &nbsp; Pressebericht Wandschalwagen f\u00fcr Anprallw\u00e4nde Wesertunnel[\/vc_column_text][\/vc_column_inner][\/vc_row_inner][\/vc_column][\/vc_row]<\/p>\n","protected":false},"author":3,"featured_media":0,"parent":0,"menu_order":2,"comment_status":"closed","ping_status":"closed","template":"","meta":{"inline_featured_image":false,"footnotes":""},"class_list":["post-2057","page","type-page","status-publish","hentry"],"_links":{"self":[{"href":"https:\/\/www.domesle.eu\/index.php?rest_route=\/wp\/v2\/pages\/2057","targetHints":{"allow":["GET"]}}],"collection":[{"href":"https:\/\/www.domesle.eu\/index.php?rest_route=\/wp\/v2\/pages"}],"about":[{"href":"https:\/\/www.domesle.eu\/index.php?rest_route=\/wp\/v2\/types\/page"}],"author":[{"embeddable":true,"href":"https:\/\/www.domesle.eu\/index.php?rest_route=\/wp\/v2\/users\/3"}],"replies":[{"embeddable":true,"href":"https:\/\/www.domesle.eu\/index.php?rest_route=%2Fwp%2Fv2%2Fcomments&post=2057"}],"version-history":[{"count":15,"href":"https:\/\/www.domesle.eu\/index.php?rest_route=\/wp\/v2\/pages\/2057\/revisions"}],"predecessor-version":[{"id":2554,"href":"https:\/\/www.domesle.eu\/index.php?rest_route=\/wp\/v2\/pages\/2057\/revisions\/2554"}],"wp:attachment":[{"href":"https:\/\/www.domesle.eu\/index.php?rest_route=%2Fwp%2Fv2%2Fmedia&parent=2057"}],"curies":[{"name":"wp","href":"https:\/\/api.w.org\/{rel}","templated":true}]}}